test common divisor of 564640 and 340?
20
What is the highest common factor of 637 and 7961317?
91
Calculate the greatest common divisor of 2212498800 and 405.
405
What is the greatest common divisor of 224486970 and 261?
87
Calculate the highest common factor of 20 and 362112.
4
Calculate the highest common divisor of 442 and 606503339.
221
What is the greatest common divisor of 22827 and 4977?
21
Calculate the highest common factor of 546 and 95966.
26
Calculate the greatest common factor of 177587 and 388584.
257
What is the greatest common divisor of 4578910 and 280?
70
Calculate the greatest common divisor of 114 and 4362609.
57
What is the highest common factor of 11327 and 2358319?
47
Calculate the highest common factor of 14 and 690301738.
14
What is the greatest common factor of 4331017 and 6008?
751
Calculate the greatest common divisor of 53947322 and 636.
106
Calculate the highest common factor of 753 and 21354076.
251
What is the greatest common divisor of 8187392 and 2560?
512
Calculate the greatest common divisor of 3076690 and 110.
10
What is the highest common factor of 207 and 25959249?
207
What is the highest common divisor of 286988 and 650?
26
What is the greatest common divisor of 224070 and 35365?
55
Calculate the greatest common divisor of 397416098 and 122.
122
Calculate the greatest common divisor of 210 and 8353030.
70
Calculate the highest common factor of 104445 and 28809.
99
What is the greatest common factor of 98434760 and 170?
170
What is the highest common divisor of 108 and 1479966?
6
What is the greatest common divisor of 84 and 11301668?
28
What is the greatest common factor of 183548582 and 434?
434
What is the greatest common divisor of 53767 and 791?
7
Calculate the greatest common factor of 714492 and 178846.
446
Calculate the highest common factor of 3893607 and 1161.
387
What is the highest common factor of 387 and 23428593?
387
Calculate the highest common factor of 586624 and 1952.
32
What is the highest common factor of 306 and 689616?
18
Calculate the greatest common factor of 35950013 and 55.
11
Calculate the highest common divisor of 1680 and 20875260.
420
Calculate the greatest common factor of 27313 and 2575826.
2101
What is the highest common factor of 1107 and 3236007?
123
Calculate the highest common factor of 1540 and 11295060.
140
What is the greatest common divisor of 581406 and 5510022?
5334
What is the greatest common factor of 1092538 and 114418?
38
What is the greatest common factor of 1095 and 1102412055?
1095
What is the highest common divisor of 268481 and 28799?
929
Calculate the highest common divisor of 286 and 35929322.
286
Calculate the greatest common divisor of 11914 and 2087022.
518
What is the highest common factor of 3381 and 5144755?
1127
Calculate the greatest common factor of 56376 and 70296.
696
Calculate the highest common factor of 4545 and 499530345.
1515
What is the greatest common divisor of 2646 and 55465830?
378
Calculate the highest common factor of 4576 and 455224.
88
Calculate the greatest common factor of 3526 and 10378.
2
What is the highest common factor of 129 and 25363937?
43
What is the greatest common factor of 1 and 1733033?
1
What is the highest common factor of 1180 and 7297280?
20
What is the greatest common divisor of 46529 and 40318747?
2737
What is the highest common divisor of 189 and 1427681997?
189
What is the highest common factor of 1079 and 646168861?
1079
What is the highest common factor of 24980261 and 332?
83
What is the highest common divisor of 275830 and 7970?
10
What is the highest common factor of 200840103 and 257?
257
Calculate the greatest common factor of 1032 and 9659864.
344
Calculate the greatest common divisor of 2360 and 1089966.
118
What is the greatest common factor of 157564 and 54252?
44
What is the greatest common factor of 53395 and 102365?
295
Calculate the highest common factor of 14015 and 165.
5
What is the highest common factor of 30096 and 1037916?
396
Calculate the greatest common factor of 215272 and 2190241.
379
Calculate the greatest common factor of 28910 and 4266430.
490
What is the highest common factor of 20280 and 502008?
312
What is the greatest common factor of 1525312 and 4832?
32
Calculate the greatest common factor of 278533 and 101033.
71
Calculate the highest common divisor of 418 and 24537645.
209
Calculate the highest common factor of 177 and 86899389.
177
What is the highest common factor of 1461575 and 11135?
85
Calculate the highest common divisor of 16415 and 897465.
335
Calculate the greatest common factor of 20526 and 48.
6
What is the highest common divisor of 2574 and 3296722?
286
Calculate the highest common factor of 24 and 176709720.
24
Calculate the highest common factor of 114905630 and 20.
10
Calculate the greatest common factor of 3000372 and 4.
4
Calculate the highest common divisor of 4056465 and 567.
21
Calculate the greatest common divisor of 211182738 and 26.
26
Calculate the highest common divisor of 9 and 1071393.
3
What is the greatest common factor of 10544281 and 1562?
781
Calculate the greatest common divisor of 21760 and 147406592.
4352
What is the highest common factor of 312418 and 1798?
62
What is the greatest common factor of 293007600 and 270?
90
Calculate the highest common factor of 441225 and 880785.
1665
What is the greatest common factor of 387 and 12523257?
9
Calculate the highest common factor of 332408 and 57128.
296
What is the highest common divisor of 31330 and 11103430?
130
Calculate the highest common factor of 2562 and 191982.
42
Calculate the greatest common factor of 192 and 7122504.
24
Calculate the highest common divisor of 180400 and 1675465.
2255
Calculate the highest common divisor of 5208 and 31061163.
651
What is the highest common factor of 1690 and 5465380?
10
Calculate the highest common factor of 737044 and 2156.
308
Calculate the highest common factor of 174271 and 173949.
23
What is the greatest common divisor of 15494 and 275659?
61
What is the highest common factor of 9309 and 43587?
87
Calculate the greatest common divisor of 8710 and 264540.
10
Calculate the greatest common factor of 1781802 and 15345.
99
What is the highest common divisor of 132578 and 33364?
878
What is the greatest common factor of 2463 and 33375?
3
Calculate the highest common factor of 689 and 348108293.
689
Calculate the highest common divisor of 388245 and 450147.
543
Calculate the greatest common factor of 8459180 and 48590.
1130
Calculate the highest common factor of 343551929 and 4046.
2023
Calculate the greatest common divisor of 443517792 and 6288.
6288
Calculate the greatest common divisor of 1071202 and 2944.
46
What is the highest common factor of 2448 and 890052?
204
Calculate the greatest common factor of 395772 and 14455.
59
What is the highest common factor of 7237650 and 378?
42
What is the highest common factor of 124809 and 36?
3
What is the highest common factor of 12135332 and 6292?
484
Calculate the highest common divisor of 6344 and 403088.
488
Calculate the highest common divisor of 1320 and 6188760.
120
What is the greatest common divisor of 2074211 and 2641?
19
What is the greatest common divisor of 8145 and 8118755?
905
Calculate the highest common divisor of 18970 and 458420890.
2710
Calculate the greatest common divisor of 7612433 and 3809.
293
What is the greatest common divisor of 653675 and 88?
11
What is the highest common divisor of 1840 and 176295?
115
Calculate the greatest common factor of 6370450 and 258.
86
What is the highest common factor of 1698 and 2913202?
566
What is the greatest common factor of 47898 and 95526?
54
Calculate the highest common divisor of 91512 and 1743156.
1476
Calculate the greatest common divisor of 5626 and 512836.
58
Calculate the highest common factor of 2685507 and 36465.
561
Calculate the highest common divisor of 13 and 916026904.
13
What is the highest common factor of 4963 and 686149639?
4963
What is the greatest common divisor of 1262954 and 4726?
278
Calculate the highest common factor of 239279 and 260739.
1073
Calculate the highest common divisor of 21 and 17638182.
3
Calculate the highest common factor of 86400 and 31194.
18
What is the greatest common factor of 59613 and 839